 123?
56
What is the remainder when 188 is divided by 30?
8
What is the remainder when 1303 is divided by 163?
162
What is the remainder when 121 is divided by 31?
28
Calculate the remainder when 251 is divided by 133.
118
What is the remainder when 96 is divided by 21?
12
Calculate the remainder when 317 is divided by 8.
5
Calculate the remainder when 165 is divided by 6.
3
Calculate the remainder when 437 is divided by 73.
72
What is the remainder when 733 is divided by 20?
13
What is the remainder when 35 is divided by 13?
9
Calculate the remainder when 7451 is divided by 65.
41
What is the remainder when 3458 is divided by 51?
41
Calculate the remainder when 943 is divided by 8.
7
What is the remainder when 1720 is divided by 42?
40
What is the remainder when 639 is divided by 47?
28
Calculate the remainder when 205 is divided by 60.
25
What is the remainder when 1116 is divided by 112?
108
Calculate the remainder when 548 is divided by 36.
8
What is the remainder when 245 is divided by 32?
21
Calculate the remainder when 1509 is divided by 493.
30
What is the remainder when 198 is divided by 54?
36
What is the remainder when 46 is divided by 16?
14
What is the remainder when 89 is divided by 36?
17
Calculate the remainder when 1672 is divided by 416.
8
What is the remainder when 700 is divided by 15?
10
Calculate the remainder when 1626 is divided by 53.
36
What is the remainder when 4217 is divided by 28?
17
What is the remainder when 24274 is divided by 204?
202
What is the remainder when 926 is divided by 29?
27
What is the remainder when 702 is divided by 38?
18
Calculate the remainder when 257 is divided by 74.
35
What is the remainder when 272 is divided by 115?
42
Calculate the remainder when 1727 is divided by 10.
7
Calculate the remainder when 700 is divided by 102.
88
What is the remainder when 23 is divided by 13?
10
What is the remainder when 162 is divided by 33?
30
Calculate the remainder when 107 is divided by 16.
11
What is the remainder when 2734 is divided by 228?
226
Calculate the remainder when 179 is divided by 5.
4
What is the remainder when 221 is divided by 71?
8
Calculate the remainder when 532 is divided by 254.
24
Calculate the remainder when 13342 is divided by 16.
14
Calculate the remainder when 608 is divided by 59.
18
What is the remainder when 13366 is divided by 6?
4
Calculate the remainder when 2685 is divided by 158.
157
Calculate the remainder when 4993 is divided by 19.
15
What is the remainder when 1283 is divided by 186?
167
Calculate the remainder when 77 is divided by 67.
10
Calculate the remainder when 96 is divided by 67.
29
Calculate the remainder when 1720 is divided by 844.
32
Calculate the remainder when 157 is divided by 33.
25
Calculate the remainder when 74 is divided by 10.
4
What is the remainder when 195 is divided by 15?
0
What is the remainder when 47970 is divided by 83?
79
Calculate the remainder when 2134 is divided by 47.
19
Calculate the remainder when 202 is divided by 80.
42
Calculate the remainder when 71 is divided by 17.
3
Calculate the remainder when 92 is divided by 25.
17
Calculate the remainder when 142 is divided by 32.
14
What is the remainder when 119 is divided by 52?
15
What is the remainder when 384 is divided by 99?
87
What is the remainder when 73 is divided by 48?
25
What is the remainder when 348 is divided by 59?
53
What is the remainder when 323 is divided by 110?
103
Calculate the remainder when 25 is divided by 16.
9
Calculate the remainder when 41 is divided by 39.
2
What is the remainder when 106 is divided by 18?
16
What is the remainder when 196 is divided by 67?
62
Calculate the remainder when 389 is divided by 19.
9
What is the remainder when 1431 is divided by 80?
71
What is the remainder when 2469 is divided by 10?
9
What is the remainder when 238 is divided by 129?
109
What is the remainder when 8189 is divided by 15?
14
What is the remainder when 746 is divided by 44?
42
Calculate the remainder when 123 is divided by 17.
4
What is the remainder when 361 is divided by 174?
13
Calculate the remainder when 433 is divided by 74.
63
Calculate the remainder when 22 is divided by 8.
6
What is the remainder when 63 is divided by 2?
1
Calculate the remainder when 182 is divided by 31.
27
What is the remainder when 26 is divided by 15?
11
Calculate the remainder when 108 is divided by 29.
21
What is the remainder when 921 is divided by 104?
89
Calculate the remainder when 1305 is divided by 119.
115
What is the remainder when 796 is divided by 114?
112
Calculate the remainder when 160 is divided by 29.
15
What is the remainder when 183 is divided by 85?
13
Calculate the remainder when 12 is divided by 10.
2
Calculate the remainder when 1099 is divided by 22.
21
Calculate the remainder when 165 is divided by 19.
13
What is the remainder when 374 is divided by 287?
87
Calculate the remainder when 228 is divided by 31.
11
Calculate the remainder when 1574 is divided by 46.
10
Calculate the remainder when 32159 is divided by 16.
15
What is the remainder when 210 is divided by 125?
85
Calculate the remainder when 5792 is divided by 19.
16
Calculate the remainder when 537 is divided by 7.
5
Calculate the remainder when 705 is divided by 101.
99
Calculate the remainder when 324 is divided by 65.
64
Calculate the remainder when 333 is divided by 61.
28
Calculate the remainder when 543 is divided by 238.
67
What is the remainder when 313 is divided by 4?
1
Calculate the remainder when 211 is divided by 74.
63
Calculate the remainder when 1468 is divided by 105.
103
Calculate the remainder when 269 is divided by 23.
16
What is the remainder when 281 is divided by 68?
9
What is the remainder when 104 is divided by 23?
12
What is the remainder when 976 is divided by 146?
100
What is the remainder when 1616 is divided by 48?
32
What is the remainder when 383 is divided by 23?
15
Calculate the remainder when 1820 is divided by 449.
24
What is the remainder when 564 is divided by 30?
24
What is the remainder when 390 is divided by 130?
0
What is the remainder when 239 is divided by 43?
24
Calculate the remainder when 10 is divided by 2.
0
What is the remainder when 9 is divided by 4?
1
Calculate the remainder when 93 is divided by 3.
0
Calculate the remainder when 1487 is divided by 48.
47
What is the remainder when 1741 is divided by 83?
81
What is the remainder when 638 is divided by 9?
8
What is the remainder when 232 is divided by 14?
8
What is the remainder when 38 is divided by 5?
3
What is the remainder when 7894 is divided by 42?
40
What is the remainder when 102 is divided by 34?
0
Calculate the remainder when 862 is divided by 181.
138
Calculate the remainder when 2730 is divided by 680.
10
What is the remainder when 9283 is divided by 23?
14
Calculate the remainder when 2611 is divided by 77.
70
Calculate the remainder when 127 is divided by 47.
33
What is the remainder when 5200 is divided by 576?
16
What is the remainder when 79 is divided by 52?
27
What is the remainder when 144 is divided by 29?
28
What is the remainder when 2 is divided by 2?
0
What is the remainder when 2479 is divided by 10?
9
Calculate the remainder when 50 is divided by 25.
0
What is the remainder when 78 is divided by 25?
3
What is the remainder when 334 is divided by 113?
108
What is the remainder when 153 is divided by 13?
10
What is the remainder when 18296 is divided by 25?
21
Calculate the remainder when 329 is divided by 145.
39
What is the remainder when 745 is divided by 75?
70
Calculate the remainder when 223 is divided by 28.
27
What is the remainder when 714 is divided by 9?
3
What is the remainder when 356 is divided by 46?
34
Calculate the remainder when 506 is divided by 17.
13
Calculate the remainder when 249 is divided by 118.
13
Calculate the remainder when 47 is divided by 17.
13
Calculate the remainder when 3933 is divided by 5.
3
Calculate the remainder when 3716 is divided by 59.
58
What is the remainder when 92 is divided by 31?
30
What is the remainder when 269 is divided by 9?
8
What is the remainder when 20 is divided by 13?
7
What is the remainder when 6292 is divided by 126?
118
What is the remainder when 2394 is divided by 237?
24
What is the remainder